{"id":5634,"date":"2019-01-30T06:01:29","date_gmt":"2019-01-30T11:01:29","guid":{"rendered":"http:\/\/fredastairedan.wpengine.com\/default\/?page_id=5634"},"modified":"2025-07-22T16:38:02","modified_gmt":"2025-07-22T14:38:02","slug":"test-calendar","status":"publish","type":"page","link":"https:\/\/www.fredastaire.com\/milan-it\/calendar\/","title":{"rendered":"Calendario Attivit\u00e0"},"content":{"rendered":"\t\t<div data-elementor-type=\"wp-page\" data-elementor-id=\"5634\" class=\"elementor elementor-5634\" data-elementor-settings=\"{&quot;ha_cmc_init_switcher&quot;:&quot;no&quot;}\" data-elementor-post-type=\"page\">\n\t\t\t\t\t\t<section class=\"elementor-section elementor-top-section elementor-element elementor-element-1a36af9 elementor-section-height-min-height elementor-section-boxed elementor-section-height-default elementor-section-items-middle\" data-id=\"1a36af9\" data-element_type=\"section\" data-e-type=\"section\" data-settings=\"{&quot;background_background&quot;:&quot;classic&quot;,&quot;_ha_eqh_enable&quot;:false}\">\n\t\t\t\t\t\t\t<div class=\"elementor-background-overlay\"><\/div>\n\t\t\t\t\t\t\t<div class=\"elementor-container elementor-column-gap-default\">\n\t\t\t\t\t<div class=\"elementor-column elementor-col-100 elementor-top-column elementor-element elementor-element-20f24249\" data-id=\"20f24249\" data-element_type=\"column\" data-e-type=\"column\">\n\t\t\t<div class=\"elementor-widget-wrap elementor-element-populated\">\n\t\t\t\t\t\t<div class=\"elementor-element elementor-element-620aef54 elementor-widget elementor-widget-heading\" data-id=\"620aef54\" data-element_type=\"widget\" data-e-type=\"widget\" data-widget_type=\"heading.default\">\n\t\t\t\t<div class=\"elementor-widget-container\">\n\t\t\t\t\t<h1 class=\"elementor-heading-title elementor-size-default\">Unisciti a Noi<\/h1>\t\t\t\t<\/div>\n\t\t\t\t<\/div>\n\t\t\t\t\t<\/div>\n\t\t<\/div>\n\t\t\t\t\t<\/div>\n\t\t<\/section>\n\t\t\t\t<section class=\"elementor-section elementor-top-section elementor-element elementor-element-b98f202 elementor-section-boxed elementor-section-height-default elementor-section-height-default\" data-id=\"b98f202\" data-element_type=\"section\" data-e-type=\"section\" data-settings=\"{&quot;_ha_eqh_enable&quot;:false}\">\n\t\t\t\t\t\t<div class=\"elementor-container elementor-column-gap-default\">\n\t\t\t\t\t<div class=\"elementor-column elementor-col-100 elementor-top-column elementor-element elementor-element-445e28df\" data-id=\"445e28df\" data-element_type=\"column\" data-e-type=\"column\">\n\t\t\t<div class=\"elementor-widget-wrap elementor-element-populated\">\n\t\t\t\t\t\t<div class=\"elementor-element elementor-element-4ff62240 elementor-widget elementor-widget-heading\" data-id=\"4ff62240\" data-element_type=\"widget\" data-e-type=\"widget\" data-widget_type=\"heading.default\">\n\t\t\t\t<div class=\"elementor-widget-container\">\n\t\t\t\t\t<h1 class=\"elementor-heading-title elementor-size-default\">Calendario Attivit\u00e0<\/h1>\t\t\t\t<\/div>\n\t\t\t\t<\/div>\n\t\t\t\t<div class=\"elementor-element elementor-element-1e77ef09 elementor-widget__width-inherit elementor-widget elementor-widget-text-editor\" data-id=\"1e77ef09\" data-element_type=\"widget\" data-e-type=\"widget\" data-widget_type=\"text-editor.default\">\n\t\t\t\t<div class=\"elementor-widget-container\">\n\t\t\t\t\t\t\t\t\t<p>Dai un\u2019occhiata al programma di questo mese delle Lezioni di Gruppo, Practice Parties ed Eventi Speciali presso il nostro Studio. Vieni con un partner di ballo o da solo. Per maggiori informazioni e per unirti a noi, chiamaci!<\/p>\t\t\t\t\t\t\t\t<\/div>\n\t\t\t\t<\/div>\n\t\t\t\t<div class=\"elementor-element elementor-element-e7c8f60 elementor-widget elementor-widget-html\" data-id=\"e7c8f60\" data-element_type=\"widget\" data-e-type=\"widget\" data-widget_type=\"html.default\">\n\t\t\t\t<div class=\"elementor-widget-container\">\n\t\t\t\t\t<iframe src=\"https:\/\/calendar.google.com\/calendar\/embed?src=dance4funfads%40gmail.com&amp;ctz=Europe%2FRome\" width=\"800\" height=\"600\" frameborder=\"0\"><\/iframe>\t\t\t\t<\/div>\n\t\t\t\t<\/div>\n\t\t\t\t<div class=\"elementor-element elementor-element-5690448 elementor-widget__width-inherit elementor-widget elementor-widget-text-editor\" data-id=\"5690448\" data-element_type=\"widget\" data-e-type=\"widget\" data-widget_type=\"text-editor.default\">\n\t\t\t\t<div class=\"elementor-widget-container\">\n\t\t\t\t\t\t\t\t\t<p>Le\u00a0<strong>Lezioni Private<\/strong>\u00a0sono prenotabili dal luned\u00ec al venerd\u00ec dalle ore 13.30 alle ore 21.30 e il sabato dalle ore 11:00 alle ore 15:00.<\/p><p>Le\u00a0<strong>Lezioni di Gruppo<\/strong>\u00a0sono svolte da un Insegnante Fred Astaire a un gruppo di persone che lavorano sullo stesso argomento. I Gruppi sono un ottimo modo per incontrare altre persone e socializzare, lavorare sui diversi passi di Ballo e ricevere risposte a domande che probabilmente hanno anche altri. I Balli trattati variano di lezione in lezione.<\/p><p>I\u00a0<strong>Practice Parties<\/strong>\u00a0sono un ottimo modo per mettere in pratica tutto ci\u00f2 che si \u00e8 imparato nelle Lezioni Private e di Gruppo. \u00c8 il modo perfetto per provare a stare in Pista con altre persone e sapere come vi sentirete al vostro prossimo evento sociale. Accendiamo le luci colorate e ci divertiamo un sacco tutti insieme. I Practice Parties vengono organizzati due volte al mese.<\/p><p><strong>\u201cDal Ballo possono derivare solo risultati positivi: gioia, salute fisica, stimolazione mentale, riduzione dello stress e risate, solo per citarne alcuni\u201d<\/strong>.<\/p><p>Per ulteriori informazioni su come iniziare a ballare con noi, chiamateci al numero\u00a0<strong>02\/36513250<\/strong>.<\/p>\t\t\t\t\t\t\t\t<\/div>\n\t\t\t\t<\/div>\n\t\t\t\t\t<\/div>\n\t\t<\/div>\n\t\t\t\t\t<\/div>\n\t\t<\/section>\n\t\t\t\t<\/div>\n\t\t","protected":false},"excerpt":{"rendered":"<p>Unisciti a Noi Calendario Attivit\u00e0 Dai un\u2019occhiata al programma di questo mese delle Lezioni di Gruppo, Practice Parties ed Eventi Speciali presso il nostro Studio. Vieni con un partner di ballo o da solo. Per maggiori informazioni e per unirti a noi, chiamaci! Le\u00a0Lezioni Private\u00a0sono prenotabili dal luned\u00ec al venerd\u00ec dalle ore 13.30 alle ore [&hellip;]<\/p>\n","protected":false},"author":12,"featured_media":0,"parent":0,"menu_order":0,"comment_status":"closed","ping_status":"closed","template":"","meta":{"_acf_changed":false,"footnotes":""},"class_list":["post-5634","page","type-page","status-publish","hentry"],"acf":[],"_links":{"self":[{"href":"https:\/\/www.fredastaire.com\/milan-it\/wp-json\/wp\/v2\/pages\/5634","targetHints":{"allow":["GET"]}}],"collection":[{"href":"https:\/\/www.fredastaire.com\/milan-it\/wp-json\/wp\/v2\/pages"}],"about":[{"href":"https:\/\/www.fredastaire.com\/milan-it\/wp-json\/wp\/v2\/types\/page"}],"author":[{"embeddable":true,"href":"https:\/\/www.fredastaire.com\/milan-it\/wp-json\/wp\/v2\/users\/12"}],"replies":[{"embeddable":true,"href":"https:\/\/www.fredastaire.com\/milan-it\/wp-json\/wp\/v2\/comments?post=5634"}],"version-history":[{"count":0,"href":"https:\/\/www.fredastaire.com\/milan-it\/wp-json\/wp\/v2\/pages\/5634\/revisions"}],"wp:attachment":[{"href":"https:\/\/www.fredastaire.com\/milan-it\/wp-json\/wp\/v2\/media?parent=5634"}],"curies":[{"name":"wp","href":"https:\/\/api.w.org\/{rel}","templated":true}]}}